ommon factor of l and h.
8
Let b(y) = 0*y + 0*y**2 - y**2 - 5*y. Let c be b(-4). Suppose -4*w = -3*j - 2 + 14, -c*j = -4*w - 20. What is the highest common divisor of j and 8?
8
Suppose 5*t = -23 + 123. Let l be 162 + -1 - (2 - 1). Calculate the highest common factor of t and l.
20
Let j(q) = q**2 + 3*q + 2. Let a be j(4). Let w = -19 + a. Suppose -w = -2*m + m. What is the highest common factor of m and 33?
11
Let p be (1 + 11)*-4*-2. Let m(n) be the third derivative of 13*n**4/24 - n**3/6 + 2*n**2. Let w be m(1). What is the highest common divisor of w and p?
12
Let j = 61 - 57. What is the greatest common divisor of j and 6?
2
Suppose d + c + 43 = 6*d, 0 = 2*c - 4. Suppose -z + 4*z - d = -2*b, -3*b + 12 = 4*z. Suppose r + r - 28 = b. Calculate the highest common divisor of r and 154.
14
Suppose 1579 = 7*y - 1333. What is the greatest common factor of y and 32?
32
Let u(x) = -3*x**3 - 3*x**2 - 5. Let t be u(-4). Let c = -49 + t. Calculate the highest common divisor of 10 and c.
10
Let h(r) = 3*r + 0*r**3 + 6*r**2 + r**3 - 5*r + 0 - 2. Let g be h(-6). What is the greatest common factor of g and 15?
5
Let z(q) = q**3 - 4*q**2 - 2*q - 6. Let c be z(8). What is the greatest common divisor of 26 and c?
26
Suppose -4*n + 3 = -9. Let s(c) = c**2 - 3*c - 1. Let k be s(-2). What is the highest common factor of n and k?
3
Suppose -3*r = -10*r + 168. What is the greatest common divisor of 48 and r?
24
Let d(m) = 2*m - 1. Suppose -4*t + 5 = -q, 3*t - 2*q + 3 = q. Let x be d(t). Let s = x - -24. What is the highest common divisor of s and 3?
3
Let q(g) = g**2 + 13*g + 24. Let p be q(-13). What is the highest common factor of p and 36?
12
Let w(x) = -4*x - 14. Let v be w(-6). Calculate the highest common factor of v and 70.
10
Let b be 666/33 + (-4)/22. Calculate the greatest common divisor of 8 and b.
4
Let q = 714 - 219. What is the highest common divisor of 45 and q?
45
Let n be ((-5)/2)/(1/(-2)). Suppose -22 = n*o - 7*o. What is the greatest common divisor of 88 and o?
11
Let a = 15 + -8. Suppose 4*c - 2*c + 32 = 4*z, 4*c = -8. What is the highest common factor of z and a?
7
Let g be 2/4 + 44/8. Let i(l) = l + 13. Let j be i(9). Suppose 0 = h - j - g. Calculate the highest common factor of h and 7.
7
Suppose 0*s = -4*s + 5*u + 49, 0 = s - u - 13. Suppose 3*l + s = 28. What is the highest common divisor of 8 and l?
4
Let n(z) = 3*z - 3. Let l be n(3). Calculate the highest common factor of 24 and l.
6
Suppose -4*w + 5 + 19 = 0. Let j(p) = -p**3 + 6*p**2 + p. Let o be j(w). Let x = -590 + 599. What is the highest common divisor of x and o?
3
Suppose -7 = -w - 0. Let o = -6 + 11. Suppose 2*p + o*m = -2 + 36, -2*p = 2*m - 22. What is the greatest common divisor of w and p?
7
Let c(o) be the third derivative of -o**6/120 + o**5/10 - o**4/12 - o**3/3 + o**2. Let u be c(2). What is the highest common divisor of 10 and u?
10
Let m be ((-5)/(-15))/((-7)/(-84)). Calculate the greatest common divisor of m and 10.
2
Let w be 3 + -2 + (-5 - -2). Let a be 1 + (4/w - -19). Calculate the greatest common divisor of 45 and a.
9
Let p = 81 + -74. What is the highest common factor of p and 35?
7
Let k(s) = 11*s**2 - s + 1. Let g be k(1). Let f = -296 - -461. Suppose 0 = -3*b - 2*b + f. What is the highest common factor of b and g?
11
Let h be 15/20*(0 + 4). What is the greatest common divisor of h and 3?
3
Let z = -8 - -13. Suppose -k = -4*m + 7, -3*k - m + 0*m + 18 = 0. Calculate the greatest common divisor of k and z.
5
Suppose -5*y = -25, 0 = 2*s - 3*y + y - 50. Suppose -2*v + 75 = -5*b, 0*v - v = -b - 33. What is the highest common factor of v and s?
30
Let d = -6 + 8. Let x be d/(-5) + (-66)/(-15). Suppose -4*q - x = 0, -3*i = 2*i - 3*q - 93. Calculate the greatest common factor of 9 and i.
9
Let s = 119 + -71. Let q = -141 + 153. What is the greatest common factor of q and s?
12
Let y(b) = -b**3 - 10*b**2 - b - 6. Let t be y(-10). What is the greatest common divisor of 1 and t?
1
Suppose 5*r - 4*z - 240 = -1521, -3*r = 3*z + 747. Let h be (-5)/15 - r/3. Suppose -8 = -q + 4. What is the greatest common factor of q and h?
12
Let r be (-12)/(-9) + 532/6. Calculate the highest common divisor of 10 and r.
10
Suppose -3*q - 3*d = -d + 2325, 4*q = -d - 3095. Let c = q + 1339. Let g = c + -395. Calculate the greatest common factor of g and 19.
19
Let o(g) = -4*g**2 - 4. Let w be o(-2). Let q be ((-18)/(-10))/((-6)/w). Calculate the highest common factor of q and 48.
6
Suppose 2 + 8 = 5*w. Suppose -2*h = -3*r + 88, -58 - 78 = -5*r - w*h. Suppose 4*k - r = -0*k. Calculate the highest common factor of k and 56.
7
Suppose -4*a + 37 = 5*d, -2*d + 2 = -0. Calculate the greatest common divisor of a and 72.
8
Let q(t) = t**2 - 2*t - 7. Let s be q(5). Suppose -i + 3 = -s. Calculate the greatest common divisor of i and 11.
11
Suppose -b = 3*b - 160. What is the highest common factor of 16 and b?
8
Let q = 2 - -3. Suppose -126 = -q*c + 3*c. Let j = -4 - -11. What is the highest common divisor of c and j?
7
Let n be 4 + 2/10*0. What is the greatest common divisor of 1 and n?
1
Suppose 3*u - 10 = y, 3*u - 2*y = u. Let o(n) = -n + 1. Let l be -5 + 0 + 3 - 2. Let t be o(l). What is the greatest common factor of u and t?
5
Let q be ((-232)/6 - -1)*3. Let u = 168 + q. Suppose 137 = 4*z - 3*x - 178, -z + u = 4*x. What is the greatest common factor of z and 30?
15
Suppose -17 - 13 = -2*v. Let p be -4*v*7/(-2). Suppose -2*r = r - p. Calculate the greatest common divisor of 10 and r.
10
Suppose -4*q = -0 - 8. Suppose 5*i + q*x - 34 = 0, 36 + 5 = 4*i - 3*x. Let z be (12/i)/((-1)/(-6)). Calculate the highest common factor of 81 and z.
9
Let f be (-278)/(-5) - (-15)/(-25). What is the highest common divisor of 11 and f?
11
Let o = -8 + 18. Let f(l) = 0 + o*l**2 + 2*l + 3 - 4. Let p be f(1). What is the greatest common divisor of 55 and p?
11
Let b(h) = h**3 - 4*h**2 + 2. Let f(d) = d**2 + 11*d + 14. Let u be f(-10). Let r be b(u). Calculate the highest common factor of 6 and r.
2
Let v = 82 + -58. Calculate the highest common divisor of 72 and v.
24
Suppose 2*x + 4*u = -6, -4*x + 9 + 9 = -2*u. Let g(y) = 6*y - 6. Let t be g(5). What is the greatest common factor of x and t?
3
Let a(u) = -u**2 - 18. Let r be a(0). Let p be -22*(r/4 - -1). What is the greatest common divisor of 11 and p?
11
Let a = 31 - 7. Let f(u) = -2*u - 3. Let t be f(-7). Let n = t + -8. Calculate the greatest common divisor of n and a.
3
Let a = 9 - -4. Calculate the greatest common divisor of 143 and a.
13
Let j be -2*3/(-7)*7. Let i be -3 + j + (-12)/(-4). Calculate the greatest common factor of i and 48.
6
Let m = -7 - -3. Let t(k) = 4*k**2 + 4*k - 8. Let r be t(m). Calculate the greatest common divisor of 16 and r.
8
Let t(a) = a + 17. Let c be t(0). Suppose -5*j - 3*o = -54, -2*j - o + c = -5. Let w be (-194)/(-8) - 6/24. Calculate the greatest common factor of j and w.
12
Let f(p) = -p - 3. Let n be f(-6). Suppose 0 = -n*m + 17 + 40. Suppose -2*w - 2*l + 18 = 0, 0 = w - 5*l - 4 + m. What is the highest common factor of w and 1?
1
Let d(p) = 3*p. Let q be d(6). Let f = 46 - q. Suppose 0*u = 4*l + 3*u - 295, -2*u + 290 = 4*l. What is the greatest common divisor of l and f?
14
Let w be (-3)/(-12)*38*2. Let g = w - 10. Calculate the greatest common divisor of 27 and g.
9
Let l = -3 + 4. Let r = 17 - 8. What is the greatest common divisor of l and r?
1
Let b(z) = -10 + z + 10*z - z. Let i be b(7). Let x = -15 - -30. What is the greatest common divisor of i and x?
15
Let r = 18 + -16. Suppose -r*c + 6*c = 36. Calculate the greatest common divisor of c and 27.
9
Let k be -2 - (-60 + 1/1). Suppose 10 = 5*n - 10. Suppose b = -j + 43, j = -j + n*b + 56. What is the highest common divisor of j and k?
19
Let k be 3/((-54)/19 + 3). Let t(d) = 8*d**2 - 7*d - 6. Let a be t(7). Suppose -a = -3*b + 176. Calculate the highest common divisor of k and b.
19
Let v(b) = -3*b. Let q be v(-1). Suppose -2*i + 12 + 0 = -q*c, 2*i = -3*c - 24. Let p be 2/4 + (-231)/c. What is the greatest common divisor of 13 and p?
13
Let t be 2 + 0 - (-3 - 0). Suppose 0 = -3*n + s + 218 + 22, -400 = -t*n - 3*s. Suppose -f + 0*f + n = 0. What is the highest common divisor of f and 32?
16
Let f(b) = -b - 5. Let t be f(-5). Let o(q) = q**3 + 11. Let y be o(t). 